ulate the highest common divisor of y and o.
7
Let g = 120 + 42. Suppose 31 = h - 7. Suppose -4*q - 5*n + 97 = 0, n - h = -q - 3*n. What is the highest common factor of g and q?
18
Let y be -5*4/40*12. Let v(c) = -c**3 - 7*c**2 - 8*c + 1. Let f be v(y). What is the greatest common factor of f and 117?
13
Let i = -4 + 3. Let t(w) = -3*w**3 + 2*w**2 + w. Let c be t(i). Let m be (-2)/6 - (-366)/18. Calculate the highest common factor of c and m.
4
Suppose -4*v + 7*v = -3*r + 441, 0 = r - 4. Calculate the greatest common factor of v and 13.
13
Let a be 1/(-2) - 915/(-10). What is the highest common factor of 13 and a?
13
Let l be 2 - (1 - (-3)/(-1)). Suppose -l*i - i = -5. Let a(u) = 13*u - 1. Let c be a(i). What is the highest common divisor of 3 and c?
3
Suppose -t = 5*j - 8, -10*t + 15*t = j + 40. What is the greatest common factor of t and 1?
1
Let w = -15 + 20. Calculate the greatest common divisor of 5 and w.
5
Let r(w) = -w**2 + 9*w - 5. Let z be r(6). What is the greatest common factor of z and 26?
13
Let c be 3/(-2)*(-24)/18. Suppose 5*k = 3*y, -y + k - 8 = -c*y. What is the greatest common factor of 35 and y?
5
Let j(l) = -12*l + 4. Let n be j(-6). What is the highest common divisor of 19 and n?
19
Let g(c) be the second derivative of c**3/6 + 3*c**2/2 - c. Let m be g(5). Let d = 35 + -15. Calculate the greatest common divisor of m and d.
4
Let k(x) = x + 4. Let a be k(0). Suppose -a*w + w + 117 = 0. Suppose -4*j - 3*g = g - 40, -3*j = -2*g - 45. Calculate the greatest common factor of j and w.
13
Suppose -4*s = -s + 402. Let a = -57 - s. Calculate the highest common factor of a and 11.
11
Let s = -253 - -361. Calculate the greatest common factor of 12 and s.
12
Suppose -2*c + 24 + 24 = 4*f, 3*c - 64 = -4*f. Calculate the highest common factor of 176 and c.
16
Let t = -1 + 5. Suppose -i = t*i - 90. Calculate the greatest common divisor of i and 144.
18
Let f = 139 - 135. What is the highest common divisor of f and 2?
2
Let g(l) = l**2 + 3*l + 10. Let s be g(-14). What is the greatest common divisor of s and 4?
4
Let m(z) = 0*z - 3 + z + z**2 - 3*z. Let w be m(-3). Suppose g - 1 - w = 0. Calculate the highest common factor of g and 117.
13
Suppose 5*h - 5*w = -8*w + 123, w - 73 = -3*h. Let q(l) = -47*l + 2. Let u be q(-2). Calculate the greatest common factor of h and u.
24
Let a be -1 + 1 + -1 + 4. Suppose -132 = -20*s + 108. Calculate the greatest common factor of s and a.
3
Let w(u) = -9*u**3 - 2*u**2. Let q = -8 + 6. Let d be w(q). What is the highest common factor of 16 and d?
16
Suppose -4*o + 5 = f, 3*f + 0*f - 15 = -5*o. Suppose o = 5*k - k - 8. Suppose -2*s = -s - k. What is the greatest common divisor of s and 5?
1
Let g(m) = -30*m. Let n = -24 - -15. Let a be g(n). Suppose 3*c - a = c. Calculate the highest common factor of 15 and c.
15
Let a(b) = 9*b - 24. Let l be a(16). Calculate the highest common factor of 30 and l.
30
Suppose -4*w + 3*q + 71 = 2*q, 0 = 5*q - 5. Let a = -11 - -29. Calculate the highest common factor of a and w.
18
Let j(w) = -w**2 - 9*w - 8. Suppose 0 = -4*k - 0*k, 4*k = -x - 6. Let g be j(x). Let b = -2 - -4. Calculate the highest common factor of b and g.
2
Let m(b) = -11*b - 12. Let i be m(-3). What is the greatest common divisor of i and 14?
7
Let c(z) = -8*z + z**3 + 8 - 1 + 5*z**2 + 2*z. Let i be c(-6). What is the greatest common divisor of i and 7?
7
Suppose -11 = -j + 2*y, 0*y - 47 = -3*j - y. Let l = -364 + 638. Suppose -w - d = d - 82, -3*w + l = -d. Calculate the greatest common factor of j and w.
15
Let n(q) = 2*q + 17. Let a be n(7). Calculate the highest common divisor of a and 124.
31
Let x be ((-88)/(-3))/(-1)*-3. Suppose d - x = -3*d. What is the greatest common divisor of 154 and d?
22
Let u(q) = q**3 + q**2 - 8*q + 6. Let v be u(5). Suppose 3*w - 87 = 4*f, -4*w - 2*f + 7*f = -v. Calculate the greatest common divisor of w and 232.
29
Let y be 15/(-6)*(-6)/5. Suppose y*r - 6 - 12 = 0. Let l = 109 + -55. What is the greatest common factor of l and r?
6
Let i be (-12)/5*20/(-6). Let t(c) = -81*c - 11. Let f be t(i). Let y be (-5)/(-30) - f/6. Calculate the greatest common divisor of y and 10.
10
Suppose -5*o - 8 + 53 = 0. Let g = -2 + o. What is the greatest common divisor of g and 49?
7
Let h(i) = -i + 12. Let n be h(0). Let r(t) = 13*t**2 - t + 4. Let m be r(5). Suppose -2*p = -5*p + m. Calculate the highest common divisor of n and p.
12
Let y be -3 + 24 + -2 + -1. What is the greatest common factor of y and 9?
9
Let s = 7 + -9. Let j be (s - 1) + 7/1. What is the greatest common factor of j and 20?
4
Let l(z) = z**2 - 11*z + 24. Let j be l(10). Calculate the highest common factor of 2 and j.
2
Let o(t) = 20*t - 14. Let w be o(4). What is the greatest common factor of w and 22?
22
Let x be (12/(-10))/((-6)/280). What is the greatest common divisor of 7 and x?
7
Let l = -8 - -15. Let u = -3 + l. Suppose -u*c = -38 + 2. What is the highest common factor of 63 and c?
9
Suppose 0 = 2*s - 3*s. Suppose s = -4*i - 2*n - 2*n + 76, -81 = -3*i + 5*n. What is the greatest common divisor of 11 and i?
11
Suppose -2*y - 5*n = -175, -2*y + 3*n + 125 + 42 = 0. What is the highest common divisor of 34 and y?
17
Let h be (2/3)/((-8)/(-300)). What is the greatest common divisor of 50 and h?
25
Let p(d) = 32*d**2 - 4*d - 4. Let c be p(-2). Calculate the greatest common divisor of 12 and c.
12
Suppose 3*p - 104 = -5*l + 2*p, -2*l + 5*p = -20. Calculate the greatest common divisor of 15 and l.
5
Let q(s) = -51*s - 20. Let j be q(-6). What is the highest common divisor of j and 26?
26
Suppose 0 = 4*c + 20, 0 = 3*d - c - 3*c - 284. Let y be (-2)/(-4)*2*11. What is the highest common divisor of d and y?
11
Let l = 56 - 30. Let k be 1/(-1*(-2)/l). Suppose 3*f - x - 119 = 0, -4*x - 59 = -3*f + 66. What is the greatest common factor of k and f?
13
Let x(h) = 7*h**3 - 2*h**2 + 2*h - 4. Let d be x(2). What is the greatest common factor of 8 and d?
8
Suppose 0 = l - 0*l - 10. Calculate the highest common divisor of l and 20.
10
Let p(t) = -2*t**2 + 2*t - 1. Let b be p(1). Let c be 377/(-5) + 4/10. Let u be b - (c - (-1 + 2)). Calculate the greatest common divisor of 25 and u.
25
Let o = -142 + 266. What is the greatest common divisor of 31 and o?
31
Suppose -42 + 6 = -4*a. Let o(b) = 1 - 8 - 2*b - b - 2*b. Let y be o(-5). What is the greatest common factor of y and a?
9
Let l be 16*(-3)/((-3)/2). Suppose -3*f - f - 116 = 0. Let r = 45 + f. What is the greatest common factor of l and r?
16
Let y = 25 - 10. Suppose -f = -542 + 2. Suppose -5*c + f = -c. What is the highest common divisor of y and c?
15
Let w = 8 + 0. What is the greatest common divisor of 64 and w?
8
Let n = 207 + -188. Let v = 99 + -23. What is the greatest common factor of v and n?
19
Let o be 6876/48 + (-2)/8. What is the highest common factor of o and 11?
11
Suppose 0 = 3*k - 6*k + 330. Calculate the greatest common divisor of 10 and k.
10
Suppose 17 - 7 = 2*o. What is the greatest common factor of 20 and o?
5
Let v be -9*(-4)/18*-3. Let q be 1/(-1) - 1 - v. Let t be 1 + 0 - (2 + -33). Calculate the highest common divisor of q and t.
4
Let q(j) = -j - 7*j - j. Let x be q(-2). Calculate the highest common factor of x and 126.
18
Let o(h) = -h**3 + 9*h**2 + 12*h - 10. Let p = -11 + 21. Let z be o(p). What is the greatest common divisor of z and 80?
10
Let n = 5 + 11. Calculate the highest common factor of n and 272.
16
Let n(z) = 3*z**2 - 4. Let h be n(4). What is the greatest common divisor of 110 and h?
22
Suppose 0 = -3*i - 4*s - 9 + 97, -34 = -i + s. Let z = -35 - -51. Calculate the greatest common divisor of z and i.
16
Let x = -24 + 17. Let u(d) = -25*d - 7. Let k be u(x). Calculate the highest common factor of 24 and k.
24
Suppose -44 + 132 = 4*f. Calculate the greatest common factor of 154 and f.
22
Suppose 0 = 5*t - 245 + 45. What is the greatest common divisor of 5 and t?
5
Suppose 0 = z - 0*z - 2. Suppose -5*p + 29 = 2*b + 4, -z*p = 2*b - 16. Suppose -33 = -p*k + 27. Calculate the greatest common factor of k and 100.
20
Let v(w) = -w**2 + 9*w + 4. Let c be v(9). Calculate the greatest common divisor of 28 and c.
4
Let x(i) = 5*i**2 + 43*i + 8. Let a be x(-9). Let g(w) = 3 + w - 3 + 64*w**3. Let u be g(1). Calculate the greatest common fa